it of v?
6
Suppose 2*h = -3*u + 1125, -h + 269 + 106 = u. What is the tens digit of u?
7
Let g be 2/((-4)/(-82)) + 2. Suppose -4*a + 10 = -i + 41, 3*i - 2*a = g. What is the tens digit of i?
1
Let p(i) = i**3 + 4*i**2 + 3*i - 1. Let g be p(-3). Let f = g + 17. What is the tens digit of f?
1
What is the hundreds digit of 4*(250/8 - -4)?
1
What is the hundreds digit of 0 + (-2433)/(-15) - 10/50?
1
Let k(s) = 12*s + 23. What is the units digit of k(6)?
5
Let c(i) = i**3 - 6*i**2 + i - 5. Let t be c(5). Let o be (-4)/(-2) - (t + -2). Let k = 40 - o. What is the tens digit of k?
1
Suppose -5*n + 2*o = -35, o + 2*o = 4*n - 35. What is the units digit of n?
5
Let m = 12 - 8. Suppose -p = -3*z - 9, 3*z + 32 + 13 = m*p. What is the units digit of (-6)/15 - p/(-5)?
2
Suppose -10 - 53 = 3*l. Let g = l + 35. What is the tens digit of g?
1
Suppose -5*y + 2*t + 0*t + 428 = 0, -4*y - 4*t + 348 = 0. What is the units digit of y?
6
Let r(n) = n**2 - 3*n - 2. Let h be r(4). Let u = 0 + h. Suppose -3 = -k + u. What is the units digit of k?
5
Let r(i) = 9*i**3 - 14*i**2 - 29. Let d(u) = -5*u**3 + 7*u**2 + 15. Let w = -12 - -1. Let f(s) = w*d(s) - 6*r(s). What is the units digit of f(-7)?
9
Let m be 3/(6/8) - 1. Let f be 2 - (-2*1 + m). Let y = 10 - f. What is the units digit of y?
9
Let l = -33 + 102. What is the units digit of l?
9
Suppose w = 4*w - 48. What is the units digit of w?
6
Suppose 4*y = -2*u - 6, -3*u = -8*u + 4*y + 41. Let c be (-1)/(4 - 3) + 3. Suppose -c*l = -2*o + 2, -4*l + 0*l = -u*o + 6. What is the units digit of l?
1
Let u be (-392)/(-22) - 6/(-33). Let s = -4 + u. What is the tens digit of s?
1
Let g(a) = -2*a + 3. What is the tens digit of g(-6)?
1
Let d be (-5)/((-10)/(-8))*1. Suppose -3*x + 20 = -4. What is the units digit of 38/x + (-1)/d?
5
What is the units digit of (4/8)/((-3)/(-4))*129?
6
Let f be 448/12 + (-1)/3. Let r = f + -9. What is the tens digit of r?
2
Suppose 39 = -3*w - 2*q, -5*w + 0*q = -4*q + 87. What is the units digit of w/10 + (-43)/(-2)?
0
Let x be -1*(0 - -194)/(-1). What is the tens digit of 2/(-5) - x/(-10)?
1
Let n(x) = x**2 + 4*x + 3. Let k be n(-5). Suppose 0 = 5*t - 43 + k. What is the units digit of t?
7
Let l(q) = q**3 + 7*q**2 + 3*q + 7. Let b be l(-7). Let a(d) = -d**2 - 17*d - 7. What is the tens digit of a(b)?
3
Suppose 2*k - 6 = -2*a, 3*k - 6 + 3 = 3*a. What is the units digit of k?
2
Suppose -2*m = -14 + 2. What is the tens digit of (m/15)/((-2)/(-50))?
1
Let v be (-4)/(-4) + (-106)/2. What is the units digit of (2 - -2)/((-8)/v)?
6
Suppose 24 = 3*b + 6. Suppose -2*d - d + b = 0. What is the units digit of ((-3)/9)/(d/(-12))?
2
Let n(z) = -z**3 + 8*z**2 + 9*z - 10. What is the tens digit of n(8)?
6
Let t = -20 + 33. Suppose -3*h - 9 = 0, 0*w - 3*h = -w + t. Suppose -1 = -w*b + 43. What is the tens digit of b?
1
Let n(z) be the third derivative of -z**5/60 - z**4/4 + z**3/2 - 2*z**2. What is the units digit of n(-5)?
8
Suppose -5*i + 701 = 2*l, -1 = 4*l + 7. What is the hundreds digit of i?
1
Suppose 0*w - 112 = -4*w. Let d be w*((-7)/2 + 3). Let i = d - -24. What is the tens digit of i?
1
Let i = 14 + -11. What is the units digit of i?
3
Let r = 4 + -1. Suppose r*g - 7*g = -8. Suppose 0 = m, -g*a + 0*m + 6 = -5*m. What is the units digit of a?
3
Let g(s) = s**3 + 10*s**2 - 11*s + 4. Let d be g(-11). Suppose -4*b = 60 + d. Let h = -1 - b. What is the units digit of h?
5
Suppose 0*n - 2*n + 104 = 0. Suppose -3*b + n = -32. What is the units digit of b?
8
Let y = -6 + 9. Suppose -22 = -y*v + 5. What is the units digit of v?
9
Let b be (-9)/(-2) + 12/(-24). Suppose -b*j - 6 = 14, 4*s - 103 = 3*j. What is the tens digit of s?
2
What is the tens digit of (-8)/2 - -1*22?
1
Let w(c) = 2*c + 1. Let d be w(7). Let h = -8 + d. Let z(g) = -g**2 + 9*g - 10. What is the units digit of z(h)?
4
Let q = 0 + -4. Let c = q - -4. Suppose c*r + 3*u = -3*r - 9, -r + u = -5. What is the units digit of r?
1
Let a be (1 - 2) + 1 - 0. Suppose 3*h + 20 = 5*t, t + 5*h + a = 4. What is the tens digit of (t/6)/(4/66)?
1
Let w(f) be the first derivative of -f**4/4 - 2*f**3 - 3*f**2 + 5*f + 3. What is the units digit of w(-5)?
0
Suppose 0 = -3*c + 5 + 40. Suppose -f - c = -6*f. Suppose -f*s + h - 1 = 0, 4*h - 2*h - 5 = 3*s. What is the units digit of s?
1
Let q = -23 - -107. What is the tens digit of q?
8
Let x(o) = o + 7. Let c be x(-5). Let w be -10*(2 - 5/c). Suppose 1 - 11 = -w*n. What is the units digit of n?
2
Suppose -6*h - 74 = -8*h. What is the units digit of h?
7
Let b = 405 + -195. What is the tens digit of b?
1
Suppose 12 = -5*x + x. Let m(k) = -10*k - 7. What is the units digit of m(x)?
3
Suppose 4*d + 2 = 10. Let a be d/9 - 152/36. Let q(b) = -b - 2. What is the units digit of q(a)?
2
Let n(j) = -41*j - 9. What is the units digit of n(-3)?
4
Let n be -2 + 3/3 - 15. What is the units digit of (12/n)/((-1)/12)?
9
Suppose 0 = 3*g - 100 - 5. What is the tens digit of g?
3
Suppose w = 3*g - 0 - 11, -11 = w + 2*g. Let a = -6 - w. Suppose -35 = -a*c - 0*c. What is the units digit of c?
7
Let l(w) = -3*w**3 + 3*w**2 + 2*w + 2. Let i be l(-2). Let o = i - 17. What is the tens digit of o?
1
Let l(v) = 8*v**2 - 1. Suppose -3*y - 2 = 1. What is the units digit of l(y)?
7
Let u be 134/10 - (-4)/(-10). What is the tens digit of (2 - (2 - u)) + 3?
1
What is the tens digit of ((-9)/36)/(((-1)/(-116))/(-1))?
2
Suppose 2*h + 6 = -0*h. Let l = h - -8. Suppose -2*w + l*f = -12, 2*w + 2*f = f + 12. What is the units digit of w?
6
Suppose p = 5 + 3. What is the units digit of p?
8
Suppose 0 = -0*u - u + 4. What is the tens digit of 1232/42 + u/6?
3
Suppose 5*i - 2*o = -3*o + 783, i = -4*o + 168. Suppose h - 5*l = -2*h + 150, i = 3*h - 3*l. What is the tens digit of h?
5
What is the units digit of ((-280)/6)/(-5)*6?
6
Suppose -2*q + 5 - 3 = 0. Let b = 0 + q. What is the units digit of b?
1
What is the units digit of (-33)/((-16)/30 - 1/(-5))?
9
Let f be (1 - (0 - -1))/(-2). Suppose 0*w + w - 10 = f. Suppose s - 2 = w. What is the units digit of s?
2
Let k(j) = -j**2 + 3*j + 5. Let n be (1/2)/(-1)*0. Let f = 4 - n. What is the units digit of k(f)?
1
Let g(l) = l**2 + 5*l + 1. Let n be g(-4). Let c(t) be the third derivative of -t**6/120 - t**5/30 + t**4/8 + t**3/3 - 11*t**2. What is the units digit of c(n)?
2
Let h(x) = 50*x + 2. Let r(a) = 49*a + 3. Let j(k) = -4*h(k) + 3*r(k). Let m be j(1). What is the units digit of m/(-9) + 2/9?
6
Suppose r - 1 = -0. Let t = r - -20. What is the units digit of t?
1
Suppose -x - 4*u + 4 = -5*x, 5*x = -4*u + 22. Suppose 0 = x*m + 6, -3*z - 4*m = 2*z - 168. What is the units digit of z?
6
What is the units digit of 343/6 + (2 - -1)/(-18)?
7
Suppose 2 = -o, 5*o - 101 - 61 = -t. What is the hundreds digit of t?
1
Suppose 2*x + 1 = 21. What is the units digit of (-56)/x*(-10)/4?
4
Suppose -10*q + 5*q + 80 = 0. What is the units digit of q?
6
Let b(d) = d - 3. Let m be b(6). What is the tens digit of 16/(m/(3 + 0))?
1
Let v be (-8)/(1/(-34)*4). Let f = v - 40. What is the tens digit of f?
2
Suppose n + s = -0 - 2, -2*n + 2 = 5*s. Let h(f) = f**2 + 3*f - 4. Let j be h(n). Suppose 0 = 5*v - 4*p - 2, j = -0*p - p + 2. What is the units digit of v?
2
Let z(y) = -y**2 - 9*y + 8. Let k be z(-11). Let f = k + 21. What is the units digit of f?
7
Suppose -k = 22 - 107. What is the units digit of k?
5
Suppose -t + 149 = -2*l + 2*t, 5*l + 345 = 2*t. What is the units digit of (-6)/(-14) - l/7?
0
Let i(v) = -15*v + 6. What is the units digit of i(-5)?
1
Suppose -2*o + 608 = -0*o - 2*b, -5*o - 3*b = -1560. What is the hundreds digit of o?
3
Let f = 29 - -4. Suppose -39 = -3*j + 3*b, 2*j + 5*b + f = 3*j. What is the units digit of j?
8
Let x(p) = 2*p - 4. Let v be x(2). Suppose v = 3*q - 12, -16 = z + z - 5*q. What is the units digit of z?
2
Suppose -2*g + u = 1, -2 = -5*u + 23. Suppose -t = -0 + g. Let b = 5 - t. What is the units digit of b?
7
Suppose 3*a + 6 = 5*x, 0 = -3*x + x + 2*a. Suppose -z - x*z = -20. Suppose 3*j = z + 13. What is the units digit of j?
6
Suppose -2*b = 4*i + 4, -i = b + 6 - 2. Let g = b - -19. What is the units digit of g?
3
Let p be -54*(0 - (-6)/3). Let a = -23 + 18. What is the units digit of p/a + 14/35?
2
Suppose c - 63 = -12. What is the tens digit of c?
5
Let r be 292/(-18) + 8/36. Let h 